{"id":816,"date":"2024-09-30T12:31:12","date_gmt":"2024-09-30T10:31:12","guid":{"rendered":"https:\/\/www.michaelvessereau.com\/?page_id=816"},"modified":"2024-09-30T12:31:59","modified_gmt":"2024-09-30T10:31:59","slug":"professeur-de-cirque","status":"publish","type":"page","link":"https:\/\/www.michaelvessereau.com\/?page_id=816","title":{"rendered":"Professeur de cirque"},"content":{"rendered":"\n<p><a href=\"https:\/\/www.michaelvessereau.com\/\" target=\"_blank\" rel=\"noreferrer noopener\">En parall\u00e8le de mes activit\u00e9s artistiques<\/a>, je suis d\u00e9tenteur du BPJEPS \u00ab\u00a0Arts du Cirque\u00a0\u00bb et du Dipl\u00f4me d\u2019\u00c9tat de professeur de cirque. J&rsquo;ai cr\u00e9e  l&rsquo;\u00e9cole de cirque <a href=\"https:\/\/www.filariane.com\">Le Fil d&rsquo;Ariane<\/a> en 2015. J&rsquo;y enseigne les Arts du cirque pour tous les publics et y d\u00e9veloppe le projet<a href=\"https:\/\/filariane.com\/\"> \u00ab\u00a0un cirque pour tous\u00a0\u00bb<\/a> en r\u00e9gion sud.<\/p>\n\n\n\n<figure class=\"wp-block-gallery has-nested-images columns-default is-cropped wp-block-gallery-1 is-layout-flex wp-block-gallery-is-layout-flex\">\n<figure class=\"wp-block-image size-large\"><img loading=\"lazy\" decoding=\"async\" width=\"283\" height=\"378\" data-id=\"823\" src=\"https:\/\/www.michaelvessereau.com\/wp-content\/uploads\/2024\/09\/1-2.jpg\" alt=\"\" class=\"wp-image-823\"\/><figcaption class=\"wp-element-caption\">port st louis du Rh\u00f4ne<\/figcaption><\/figure>\n\n\n\n<figure class=\"wp-block-image size-large\"><img loading=\"lazy\" decoding=\"async\" width=\"377\" height=\"283\" data-id=\"824\" src=\"https:\/\/www.michaelvessereau.com\/wp-content\/uploads\/2024\/09\/2-1.jpg\" alt=\"gouter - cirque\" class=\"wp-image-824\"\/><figcaption class=\"wp-element-caption\">gouter &#8211; cirque<\/figcaption><\/figure>\n\n\n\n<figure class=\"wp-block-image size-large\"><img loading=\"lazy\" decoding=\"async\" width=\"242\" height=\"370\" data-id=\"825\" src=\"https:\/\/www.michaelvessereau.com\/wp-content\/uploads\/2024\/09\/3-2.jpg\" alt=\"cirque sous les arbres\" class=\"wp-image-825\"\/><figcaption class=\"wp-element-caption\">cirque sous les arbres<\/figcaption><\/figure>\n\n\n\n<figure class=\"wp-block-image size-large\"><img loading=\"lazy\" decoding=\"async\" width=\"370\" height=\"286\" data-id=\"826\" src=\"https:\/\/www.michaelvessereau.com\/wp-content\/uploads\/2024\/09\/4-2.jpg\" alt=\"cours hebdomadaires\" class=\"wp-image-826\"\/><figcaption class=\"wp-element-caption\">cours hebdomadaires<\/figcaption><\/figure>\n\n\n\n<figure class=\"wp-block-image size-large\"><img loading=\"lazy\" decoding=\"async\" width=\"200\" height=\"300\" data-id=\"827\" src=\"https:\/\/www.michaelvessereau.com\/wp-content\/uploads\/2024\/09\/5-2.jpg\" alt=\"cirque \u00e0 l'\u00e9cole\" class=\"wp-image-827\"\/><figcaption class=\"wp-element-caption\">cirque \u00e0 l&rsquo;\u00e9cole<\/figcaption><\/figure>\n\n\n\n<figure class=\"wp-block-image size-large\"><img loading=\"lazy\" decoding=\"async\" width=\"380\" height=\"214\" data-id=\"828\" src=\"https:\/\/www.michaelvessereau.com\/wp-content\/uploads\/2024\/09\/6-1.jpg\" alt=\"ch\u00e2teau d'Avignon - ste Maries de la mer\" class=\"wp-image-828\"\/><figcaption class=\"wp-element-caption\">ch\u00e2teau d&rsquo;Avignon &#8211; ste Maries de la mer<\/figcaption><\/figure>\n<\/figure>\n","protected":false},"excerpt":{"rendered":"<p>En parall\u00e8le de mes activit\u00e9s artistiques, je suis d\u00e9tenteur du BPJEPS \u00ab\u00a0Arts du Cirque\u00a0\u00bb et du Dipl\u00f4me d\u2019\u00c9tat de professeur de cirque. J&rsquo;ai cr\u00e9e l&rsquo;\u00e9cole de cirque Le Fil d&rsquo;Ariane en 2015. J&rsquo;y enseigne les Arts du cirque pour tous les publics et y d\u00e9veloppe le projet \u00ab\u00a0un cirque pour tous\u00a0\u00bb en r\u00e9gion sud.<\/p>\n","protected":false},"author":1,"featured_media":0,"parent":0,"menu_order":0,"comment_status":"closed","ping_status":"closed","template":"","meta":{"footnotes":""},"class_list":["post-816","page","type-page","status-publish","hentry"],"yoast_head":"<!-- This site is optimized with the Yoast SEO plugin v26.8 - https:\/\/yoast.com\/product\/yoast-seo-wordpress\/ -->\n<title>Professeur de cirque | Micha\u00ebl Vessereau<\/title>\n<meta name=\"description\" content=\"Magicien, artiste, professeur de cirque, j&#039;interviens en r\u00e9gion Sud dans le cadre de soir\u00e9es, animations, programmations culturelles.\" \/>\n<meta name=\"robots\" content=\"index, follow, max-snippet:-1, max-image-preview:large, max-video-preview:-1\" \/>\n<link rel=\"canonical\" href=\"https:\/\/www.michaelvessereau.com\/?page_id=816\" \/>\n<meta property=\"og:locale\" content=\"fr_FR\" \/>\n<meta property=\"og:type\" content=\"article\" \/>\n<meta property=\"og:title\" content=\"Professeur de cirque | Micha\u00ebl Vessereau\" \/>\n<meta property=\"og:description\" content=\"Magicien, artiste, professeur de cirque, j&#039;interviens en r\u00e9gion Sud dans le cadre de soir\u00e9es, animations, programmations culturelles.\" \/>\n<meta property=\"og:url\" content=\"https:\/\/www.michaelvessereau.com\/?page_id=816\" \/>\n<meta property=\"og:site_name\" content=\"Micha\u00ebl Vessereau\" \/>\n<meta property=\"article:publisher\" content=\"https:\/\/www.facebook.com\/profile.php?id=100085022991971\" \/>\n<meta property=\"article:modified_time\" content=\"2024-09-30T10:31:59+00:00\" \/>\n<meta property=\"og:image\" content=\"https:\/\/www.michaelvessereau.com\/wp-content\/uploads\/2024\/09\/1-2.jpg\" \/>\n<meta name=\"twitter:card\" content=\"summary_large_image\" \/>\n<meta name=\"twitter:label1\" content=\"Dur\u00e9e de lecture estim\u00e9e\" \/>\n\t<meta name=\"twitter:data1\" content=\"2 minutes\" \/>\n<script type=\"application\/ld+json\" class=\"yoast-schema-graph\">{\"@context\":\"https:\/\/schema.org\",\"@graph\":[{\"@type\":\"WebPage\",\"@id\":\"https:\/\/www.michaelvessereau.com\/?page_id=816\",\"url\":\"https:\/\/www.michaelvessereau.com\/?page_id=816\",\"name\":\"Professeur de cirque | Micha\u00ebl Vessereau\",\"isPartOf\":{\"@id\":\"https:\/\/www.michaelvessereau.com\/#website\"},\"primaryImageOfPage\":{\"@id\":\"https:\/\/www.michaelvessereau.com\/?page_id=816#primaryimage\"},\"image\":{\"@id\":\"https:\/\/www.michaelvessereau.com\/?page_id=816#primaryimage\"},\"thumbnailUrl\":\"https:\/\/www.michaelvessereau.com\/wp-content\/uploads\/2024\/09\/1-2.jpg\",\"datePublished\":\"2024-09-30T10:31:12+00:00\",\"dateModified\":\"2024-09-30T10:31:59+00:00\",\"description\":\"Magicien, artiste, professeur de cirque, j'interviens en r\u00e9gion Sud dans le cadre de soir\u00e9es, animations, programmations culturelles.\",\"breadcrumb\":{\"@id\":\"https:\/\/www.michaelvessereau.com\/?page_id=816#breadcrumb\"},\"inLanguage\":\"fr-FR\",\"potentialAction\":[{\"@type\":\"ReadAction\",\"target\":[\"https:\/\/www.michaelvessereau.com\/?page_id=816\"]}]},{\"@type\":\"ImageObject\",\"inLanguage\":\"fr-FR\",\"@id\":\"https:\/\/www.michaelvessereau.com\/?page_id=816#primaryimage\",\"url\":\"https:\/\/www.michaelvessereau.com\/wp-content\/uploads\/2024\/09\/1-2.jpg\",\"contentUrl\":\"https:\/\/www.michaelvessereau.com\/wp-content\/uploads\/2024\/09\/1-2.jpg\",\"width\":283,\"height\":378,\"caption\":\"dav\"},{\"@type\":\"BreadcrumbList\",\"@id\":\"https:\/\/www.michaelvessereau.com\/?page_id=816#breadcrumb\",\"itemListElement\":[{\"@type\":\"ListItem\",\"position\":1,\"name\":\"Accueil\",\"item\":\"https:\/\/www.michaelvessereau.com\/\"},{\"@type\":\"ListItem\",\"position\":2,\"name\":\"Professeur de cirque\"}]},{\"@type\":\"WebSite\",\"@id\":\"https:\/\/www.michaelvessereau.com\/#website\",\"url\":\"https:\/\/www.michaelvessereau.com\/\",\"name\":\"Micha\u00ebl Vessereau\",\"description\":\"Magie Rapproch\u00e9e\",\"publisher\":{\"@id\":\"https:\/\/www.michaelvessereau.com\/#\/schema\/person\/c45276981c07f3fbd57b22d8ab7b67c0\"},\"potentialAction\":[{\"@type\":\"SearchAction\",\"target\":{\"@type\":\"EntryPoint\",\"urlTemplate\":\"https:\/\/www.michaelvessereau.com\/?s={search_term_string}\"},\"query-input\":{\"@type\":\"PropertyValueSpecification\",\"valueRequired\":true,\"valueName\":\"search_term_string\"}}],\"inLanguage\":\"fr-FR\"},{\"@type\":[\"Person\",\"Organization\"],\"@id\":\"https:\/\/www.michaelvessereau.com\/#\/schema\/person\/c45276981c07f3fbd57b22d8ab7b67c0\",\"name\":\"Micha\u00ebl Vessereau\",\"image\":{\"@type\":\"ImageObject\",\"inLanguage\":\"fr-FR\",\"@id\":\"https:\/\/www.michaelvessereau.com\/#\/schema\/person\/image\/\",\"url\":\"http:\/\/www.michaelvessereau.com\/wp-content\/uploads\/2020\/07\/entete-3-mika-1200x2000-online.jpg\",\"contentUrl\":\"http:\/\/www.michaelvessereau.com\/wp-content\/uploads\/2020\/07\/entete-3-mika-1200x2000-online.jpg\",\"width\":2000,\"height\":1200,\"caption\":\"Micha\u00ebl Vessereau\"},\"logo\":{\"@id\":\"https:\/\/www.michaelvessereau.com\/#\/schema\/person\/image\/\"},\"description\":\"Artiste de cirque, metteur en sc\u00e8ne, magicien. J'exerce en tant que Coach professionnel certifi\u00e9 ACTP \/ RNCP 6. J'exerce principalement en r\u00e9gion Sud - PACA et bouches du Rh\u00f4ne (13). Je porte une attention particuli\u00e8re au langage corporel et aux \u00e9motions. J'interviens \u00e9galement dans le cadre de structuration d'\u00e9quipes, de team building.\",\"sameAs\":[\"http:\/\/michaelvessereau.com\",\"https:\/\/www.facebook.com\/profile.php?id=100085022991971\",\"https:\/\/www.linkedin.com\/in\/michalvessereau\/\"]}]}<\/script>\n<!-- \/ Yoast SEO plugin. -->","yoast_head_json":{"title":"Professeur de cirque | Micha\u00ebl Vessereau","description":"Magicien, artiste, professeur de cirque, j'interviens en r\u00e9gion Sud dans le cadre de soir\u00e9es, animations, programmations culturelles.","robots":{"index":"index","follow":"follow","max-snippet":"max-snippet:-1","max-image-preview":"max-image-preview:large","max-video-preview":"max-video-preview:-1"},"canonical":"https:\/\/www.michaelvessereau.com\/?page_id=816","og_locale":"fr_FR","og_type":"article","og_title":"Professeur de cirque | Micha\u00ebl Vessereau","og_description":"Magicien, artiste, professeur de cirque, j'interviens en r\u00e9gion Sud dans le cadre de soir\u00e9es, animations, programmations culturelles.","og_url":"https:\/\/www.michaelvessereau.com\/?page_id=816","og_site_name":"Micha\u00ebl Vessereau","article_publisher":"https:\/\/www.facebook.com\/profile.php?id=100085022991971","article_modified_time":"2024-09-30T10:31:59+00:00","og_image":[{"url":"https:\/\/www.michaelvessereau.com\/wp-content\/uploads\/2024\/09\/1-2.jpg","type":"","width":"","height":""}],"twitter_card":"summary_large_image","twitter_misc":{"Dur\u00e9e de lecture estim\u00e9e":"2 minutes"},"schema":{"@context":"https:\/\/schema.org","@graph":[{"@type":"WebPage","@id":"https:\/\/www.michaelvessereau.com\/?page_id=816","url":"https:\/\/www.michaelvessereau.com\/?page_id=816","name":"Professeur de cirque | Micha\u00ebl Vessereau","isPartOf":{"@id":"https:\/\/www.michaelvessereau.com\/#website"},"primaryImageOfPage":{"@id":"https:\/\/www.michaelvessereau.com\/?page_id=816#primaryimage"},"image":{"@id":"https:\/\/www.michaelvessereau.com\/?page_id=816#primaryimage"},"thumbnailUrl":"https:\/\/www.michaelvessereau.com\/wp-content\/uploads\/2024\/09\/1-2.jpg","datePublished":"2024-09-30T10:31:12+00:00","dateModified":"2024-09-30T10:31:59+00:00","description":"Magicien, artiste, professeur de cirque, j'interviens en r\u00e9gion Sud dans le cadre de soir\u00e9es, animations, programmations culturelles.","breadcrumb":{"@id":"https:\/\/www.michaelvessereau.com\/?page_id=816#breadcrumb"},"inLanguage":"fr-FR","potentialAction":[{"@type":"ReadAction","target":["https:\/\/www.michaelvessereau.com\/?page_id=816"]}]},{"@type":"ImageObject","inLanguage":"fr-FR","@id":"https:\/\/www.michaelvessereau.com\/?page_id=816#primaryimage","url":"https:\/\/www.michaelvessereau.com\/wp-content\/uploads\/2024\/09\/1-2.jpg","contentUrl":"https:\/\/www.michaelvessereau.com\/wp-content\/uploads\/2024\/09\/1-2.jpg","width":283,"height":378,"caption":"dav"},{"@type":"BreadcrumbList","@id":"https:\/\/www.michaelvessereau.com\/?page_id=816#breadcrumb","itemListElement":[{"@type":"ListItem","position":1,"name":"Accueil","item":"https:\/\/www.michaelvessereau.com\/"},{"@type":"ListItem","position":2,"name":"Professeur de cirque"}]},{"@type":"WebSite","@id":"https:\/\/www.michaelvessereau.com\/#website","url":"https:\/\/www.michaelvessereau.com\/","name":"Micha\u00ebl Vessereau","description":"Magie Rapproch\u00e9e","publisher":{"@id":"https:\/\/www.michaelvessereau.com\/#\/schema\/person\/c45276981c07f3fbd57b22d8ab7b67c0"},"potentialAction":[{"@type":"SearchAction","target":{"@type":"EntryPoint","urlTemplate":"https:\/\/www.michaelvessereau.com\/?s={search_term_string}"},"query-input":{"@type":"PropertyValueSpecification","valueRequired":true,"valueName":"search_term_string"}}],"inLanguage":"fr-FR"},{"@type":["Person","Organization"],"@id":"https:\/\/www.michaelvessereau.com\/#\/schema\/person\/c45276981c07f3fbd57b22d8ab7b67c0","name":"Micha\u00ebl Vessereau","image":{"@type":"ImageObject","inLanguage":"fr-FR","@id":"https:\/\/www.michaelvessereau.com\/#\/schema\/person\/image\/","url":"http:\/\/www.michaelvessereau.com\/wp-content\/uploads\/2020\/07\/entete-3-mika-1200x2000-online.jpg","contentUrl":"http:\/\/www.michaelvessereau.com\/wp-content\/uploads\/2020\/07\/entete-3-mika-1200x2000-online.jpg","width":2000,"height":1200,"caption":"Micha\u00ebl Vessereau"},"logo":{"@id":"https:\/\/www.michaelvessereau.com\/#\/schema\/person\/image\/"},"description":"Artiste de cirque, metteur en sc\u00e8ne, magicien. J'exerce en tant que Coach professionnel certifi\u00e9 ACTP \/ RNCP 6. J'exerce principalement en r\u00e9gion Sud - PACA et bouches du Rh\u00f4ne (13). Je porte une attention particuli\u00e8re au langage corporel et aux \u00e9motions. J'interviens \u00e9galement dans le cadre de structuration d'\u00e9quipes, de team building.","sameAs":["http:\/\/michaelvessereau.com","https:\/\/www.facebook.com\/profile.php?id=100085022991971","https:\/\/www.linkedin.com\/in\/michalvessereau\/"]}]}},"_links":{"self":[{"href":"https:\/\/www.michaelvessereau.com\/index.php?rest_route=\/wp\/v2\/pages\/816","targetHints":{"allow":["GET"]}}],"collection":[{"href":"https:\/\/www.michaelvessereau.com\/index.php?rest_route=\/wp\/v2\/pages"}],"about":[{"href":"https:\/\/www.michaelvessereau.com\/index.php?rest_route=\/wp\/v2\/types\/page"}],"author":[{"embeddable":true,"href":"https:\/\/www.michaelvessereau.com\/index.php?rest_route=\/wp\/v2\/users\/1"}],"replies":[{"embeddable":true,"href":"https:\/\/www.michaelvessereau.com\/index.php?rest_route=%2Fwp%2Fv2%2Fcomments&post=816"}],"version-history":[{"count":1,"href":"https:\/\/www.michaelvessereau.com\/index.php?rest_route=\/wp\/v2\/pages\/816\/revisions"}],"predecessor-version":[{"id":829,"href":"https:\/\/www.michaelvessereau.com\/index.php?rest_route=\/wp\/v2\/pages\/816\/revisions\/829"}],"wp:attachment":[{"href":"https:\/\/www.michaelvessereau.com\/index.php?rest_route=%2Fwp%2Fv2%2Fmedia&parent=816"}],"curies":[{"name":"wp","href":"https:\/\/api.w.org\/{rel}","templated":true}]}}